et d be b(p). Calculate the greatest common divisor of d and 11.
1
Let h = 133 - 67. Calculate the greatest common factor of 6 and h.
6
Let l = 1 + 44. Calculate the highest common divisor of 9 and l.
9
Suppose -8*y + 5*y = -420. Calculate the highest common divisor of y and 20.
20
Suppose 0 = 7*g - 2*g - 50. Calculate the greatest common divisor of g and 70.
10
Suppose -p = -f + 4*f - 28, -3*p + 14 = -5*f. What is the highest common factor of p and 39?
13
Suppose 0*o = -2*o + 10. Let b be 3/2*4 + -1. Calculate the greatest common divisor of o and b.
5
Suppose -5*k + 160 = 4*p, -5*k - 2*p = p - 160. Calculate the greatest common divisor of k and 80.
16
Let o = -1 + 13. What is the greatest common divisor of 84 and o?
12
Let s be (-4 - (-1 + -1))/(-1). Suppose r = -r - 2*q - 6, 2*q = 5*r - 20. Calculate the highest common factor of s and r.
2
Let q be 8/10*(2 - -8). Suppose 0 = -3*l + 40 + q. Calculate the greatest common divisor of l and 16.
16
Suppose 16*h = 11*h - 80. Suppose 0 = 2*t - 5*x + 111, -x - 51 = t - 6. Let p = h - t. Calculate the highest common divisor of 8 and p.
8
Let b be (((-24)/(-20))/((-6)/(-40)))/2. Calculate the greatest common divisor of b and 1.
1
Let n(x) = 8*x + 18. Let i be n(9). Suppose 15 = 3*g - 12. What is the greatest common divisor of i and g?
9
Let k be (1045/(-22))/(2/(-4)). Let h be ((-5)/(-4))/((-3)/(-12)). Suppose -h*q - y + 195 = 4*y, y = 5*q - 189. Calculate the highest common divisor of k and q.
19
Suppose 119 + 23 = 5*h + 4*d, 3*d = 4*h - 126. Calculate the highest common factor of 330 and h.
30
Let t(w) = 3*w**2 - w - 1. Let u be t(-1). What is the highest common divisor of 3 and u?
3
Let u = 21 + -29. Let k = 5 + u. Let g be ((-2)/(-3))/(k/(-117)). What is the greatest common factor of 13 and g?
13
Suppose h + 0*h - 17 = 0. Suppose h = 3*b - 28. Calculate the highest common divisor of b and 135.
15
Let n be (-13 - 0)*(2 - 3). Suppose -2*a - a = -156. Calculate the greatest common factor of n and a.
13
Let u = 119 + -65. What is the highest common factor of 36 and u?
18
Let u = -4 + 4. Let k = u + 4. Calculate the highest common factor of 8 and k.
4
Let s(w) = 3*w - 7. Let f be s(6). What is the highest common divisor of f and 88?
11
Let d(v) = v**3 - 2*v**2 - 4*v + 2. Let k be d(3). Let c be k/(-1 + 192/194). Suppose 4*j - 303 = c. What is the highest common factor of j and 20?
20
Let w(m) = -13*m - 2. Let f be w(-1). Calculate the greatest common divisor of f and 1.
1
Let p(g) = 2*g**2 + 4*g + 6. Let l be p(3). Calculate the greatest common factor of 9 and l.
9
Let p(g) = 2*g**2 - 19*g + 8. Let o be p(10). Suppose -378 = -8*f + 5*f. What is the greatest common factor of f and o?
18
Let t be -1 + (-4)/(8/(-74)). Calculate the highest common factor of 9 and t.
9
Let z = -240 - -372. Let r = 10 - 5. Suppose -r*p + p = -z. What is the highest common factor of p and 3?
3
Let a = 48 - 31. What is the highest common divisor of 119 and a?
17
Let c = -259 - -343. Suppose 2 = -2*u, 5*a - 5*u - 17 = 4*a. Calculate the greatest common factor of a and c.
12
Let m be -2*((-95)/(-2))/5. Let r = m + 59. Let u be 7 + 1/(-1) + 2. Calculate the greatest common factor of u and r.
8
Suppose -31 - 23 = -2*a. Calculate the greatest common factor of a and 9.
9
Let g = -36 + 144. Let s be 2 + (-14)/6 - 74/(-6). Calculate the greatest common factor of g and s.
12
Let m be (-18)/4*(-76)/(-6). Let o = -41 - m. Suppose -d + i = 7 - 4, 4*i = 2*d + o. What is the greatest common divisor of 22 and d?
2
Let u be (-2 - -2) + 0 - -1. Suppose i - 2 - u = 0. Suppose 3*a = s - i, -a + 9 = 2*s + 3. What is the greatest common divisor of s and 12?
3
Let h = -209 + 125. Suppose 455 = -3*f - 2*w, -4*f - 5*w + w = 612. Let z = h - f. What is the greatest common divisor of 13 and z?
13
Suppose 6*v = v + 5. Let g be v + 38 + -2 - 2. Suppose -3*q - 2*q = -25. What is the greatest common factor of q and g?
5
Suppose -2*g = -2 - 0. Let f be 66 + (-5)/g + 3. What is the greatest common divisor of 8 and f?
8
Let g be (4 + -3)*-2 + -1 + 15. Calculate the highest common factor of 42 and g.
6
Let o = -15 - -45. Let w = o + -18. Calculate the highest common divisor of 4 and w.
4
Suppose 56 - 12 = 4*u. Let m(x) = -x + 4. Let a be m(-3). Suppose -a*t = -2*t - 605. Calculate the greatest common factor of u and t.
11
Let m be ((-4)/(-2))/((-1)/(-1)). Let z be -1*33/(-1 - m). What is the greatest common factor of 121 and z?
11
Let t = 16 - -28. Let x be ((-11)/2)/(1/(-2)). Suppose -x = -3*b + 1. What is the greatest common divisor of b and t?
4
Let b(y) = 11*y**2 - 27*y - 10. Let v(x) = -5*x**2 + 13*x + 5. Let z(m) = 6*b(m) + 13*v(m). Let s be z(5). What is the highest common factor of s and 26?
13
Let l = -65 - -153. Let j = 18 + -1. Suppose -61 + j = -4*c. What is the highest common divisor of c and l?
11
Let g = -12 - -20. Suppose -r + 5 = 0, z - 19 = 4*r - 3*r. Calculate the greatest common divisor of g and z.
8
Suppose -4*j + 65 = -75. Calculate the highest common factor of j and 385.
35
Let d(m) = 9*m + 5. Let z(c) = 14*c + 8. Let p(l) = 8*d(l) - 5*z(l). Let v be p(1). Calculate the highest common factor of 5 and v.
1
Let m(u) = -u**2 + 8*u + 1. Let t be m(8). Let g be -2 + (1 - t - -13). Let o be (-3)/2*924/(-18). What is the greatest common factor of g and o?
11
Suppose -4*a + a = d - 35, -4*a = -d - 35. Calculate the highest common factor of 40 and a.
10
Let v(o) = -o**3 - 6*o**2 - 4*o - 6. Let r be v(-6). Suppose -3*f = 4*d - 182, 29 = -2*f - 2*d + 147. Calculate the highest common factor of f and r.
18
Suppose -2*o + 7 = -t + 2*t, -4*o + t + 5 = 0. Suppose 2*b - 28 = -o*b. Calculate the highest common factor of b and 1.
1
Let m(j) = -j**3 - 8*j**2 + 5. Let u be m(-8). Calculate the highest common divisor of u and 35.
5
Let w be -11*8/6*-9. Let f(s) = -s**3 - 8*s**2 + 7*s - 12. Let h be f(-9). Suppose 6 = m - h. What is the highest common factor of w and m?
12
Let o = -93 + 221. What is the highest common factor of o and 32?
32
Let j = -104 + 107. Let b(h) = -h + 4. Let n be b(-5). Calculate the greatest common factor of j and n.
3
Suppose -4*c + 0 + 9 = f, 4*c = 4*f + 4. Calculate the highest common factor of 16 and c.
2
Let c(x) = 2*x**3 + 10*x**2 + 7*x + 5. Let m be c(-4). Calculate the greatest common factor of 72 and m.
9
Suppose p + 0*n = n + 11, -5*p - 4*n = -46. What is the greatest common factor of p and 40?
10
Suppose -25 = -5*b + 5. Let k(x) = -x**3 + 8*x**2 - 2*x. Let o(d) = d. Let j(i) = k(i) - 2*o(i). Let q be j(b). What is the highest common factor of 12 and q?
12
Suppose v + 4*u = 15, 0 = 3*v + 5*u - 38. Let q(f) = -11*f. Let m be q(-7). Calculate the greatest common factor of v and m.
11
Let v(a) = a**3 - 15*a**2 - 14*a - 19. Let g be v(16). Calculate the greatest common divisor of g and 104.
13
Let x be 2/5 + 246/10. Let h = -82 + 282. Calculate the highest common factor of x and h.
25
Suppose c + c - 198 = -4*t, 2*c = -2*t + 102. Calculate the highest common divisor of 24 and t.
24
Suppose 2*p - 2*c + c = 106, 2*p - 104 = 2*c. Calculate the highest common factor of p and 45.
9
Let u be 7/(42/18) - -31. What is the highest common factor of 85 and u?
17
Let r(g) = 5*g**2 + 10*g + 12. Let z(n) = -n**2 - n - 1. Let i(k) = r(k) + 6*z(k). Let b be i(4). Calculate the greatest common factor of b and 24.
6
Suppose -2*q + 220 = 4*s, 2*q = -s - q + 60. What is the highest common factor of s and 27?
27
Let b = 5 - 3. Suppose v = b*s + s + 12, 0 = -4*v + s + 15. Suppose -4*j + 2*d + v*d = -130, -3*d + 144 = 5*j. What is the highest common factor of j and 12?
6
Let x be (-82)/(-4) + 8/16. Suppose -21 = -3*v + x. Calculate the highest common divisor of 98 and v.
14
Let h be ((-3)/(-2))/(((-1)/(-30))/1). Calculate the highest common factor of h and 15.
15
Let n be 50/4 + (-3)/(-2). What is the greatest common factor of n and 7?
7
Let a(w) = 15*w**2 + 2*w. Let l be a(-2). Suppose 0*x - 14 = -f + 5*x, 14 = f - 3*x. Calculate the greatest common factor of f and l.
14
Let v = -2 + 5. Let l be (-50)/(-6) + v/(-9). Suppose 2*k + k - 48 = 0. Calculate the greatest common factor of l and k.
8
Suppose 2*n = n + 99. Calculate the greatest common divisor of n and 9.
9
Let k(u) = u**2 - 5*u + 1. Let y be k(7). Suppose 4*m - n = 18, 4*m - 26 = -6*n + 